ite?
False
Is 67211 a composite number?
False
Is 28319 a prime number?
True
Is 27703 a prime number?
False
Is 109439 composite?
True
Is 7534 a composite number?
True
Is 406209 a composite number?
True
Is 442439 prime?
True
Is 39341 a prime number?
True
Is 42887 prime?
False
Is 36362 a prime number?
False
Is 139037 a prime number?
False
Is 3389 composite?
False
Is 73361 prime?
True
Is 300221 composite?
False
Is 68833 a composite number?
True
Is 96827 prime?
True
Is 36827 prime?
False
Is 39671 composite?
False
Is 356077 a composite number?
False
Is 46423 a composite number?
True
Is 23033 a prime number?
False
Is 52229 a composite number?
True
Is 74441 a prime number?
True
Is 9299 composite?
True
Is 88861 prime?
True
Is 31839 composite?
True
Is 3491 a prime number?
True
Is 95701 composite?
False
Is 177167 a prime number?
True
Is 12563 prime?
False
Is 1119817 a prime number?
True
Is 552889 composite?
True
Is 26149 a prime number?
False
Is 1823 a prime number?
True
Is 1211669 a prime number?
True
Is 1251247 a prime number?
True
Is 191747 a composite number?
False
Is 751 composite?
False
Is 48731 a prime number?
True
Is 26309 prime?
True
Is 4303 a prime number?
False
Is 2282509 a composite number?
False
Is 390041 a composite number?
True
Is 8857 prime?
False
Is 209873 a composite number?
True
Is 1016137 prime?
True
Is 224351 composite?
False
Is 979582 a composite number?
True
Is 27923 composite?
True
Is 29473 composite?
False
Is 27611 a prime number?
True
Is 5449 prime?
True
Is 1219 a prime number?
False
Is 26671 a composite number?
True
Is 2063 a composite number?
False
Is 74721 a prime number?
False
Is 526901 a composite number?
True
Is 13001 prime?
True
Is 1465 a prime number?
False
Is 134459 prime?
False
Is 11129 a composite number?
True
Is 10911 a prime number?
False
Is 128369 a composite number?
True
Is 797 prime?
True
Is 35729 prime?
True
Is 76231 composite?
False
Is 17635 a prime number?
False
Is 44531 a composite number?
False
Is 21041 prime?
False
Is 5531 a prime number?
True
Is 1919 a prime number?
False
Is 634321 composite?
True
Is 1198895 a composite number?
True
Is 428977 prime?
True
Is 11359 a composite number?
True
Is 3551 prime?
False
Is 9194 a composite number?
True
Is 9967 a prime number?
True
Is 5515 a prime number?
False
Is 4289 composite?
False
Is 466103 a prime number?
False
Is 543497 a prime number?
True
Is 2571 prime?
False
Is 39359 composite?
False
Is 1977 composite?
True
Is 3961 a composite number?
True
Is 43159 a composite number?
False
Is 35051 a composite number?
False
Is 239201 composite?
False
Is 64102 composite?
True
Is 19319 composite?
False
Is 10589 composite?
False
Is 530087 a prime number?
True
Is 616295 composite?
True
Is 245863 a composite number?
False
Is 234359 a prime number?
False
Is 332821 prime?
False
Is 733157 prime?
True
Is 889 composite?
True
Is 39911 composite?
True
Is 22465 composite?
True
Is 367789 a prime number?
True
Is 162641 prime?
True
Is 657481 a prime number?
False
Is 168185 prime?
False
Is 8353 a prime number?
True
Is 33191 a composite number?
False
Is 44101 a composite number?
False
Is 5809 a composite number?
True
Is 1751611 a composite number?
True
Is 2031751 prime?
False
Is 21871 a prime number?
True
Is 109717 a composite number?
False
Is 204871 a prime number?
True
Is 319883 a composite number?
False
Is 451049 a composite number?
True
Is 1321973 a prime number?
False
Is 28051 prime?
True
Is 26357 a composite number?
False
Is 184355 prime?
False
Is 166541 a prime number?
True
Is 16649 prime?
True
Is 3163 a prime number?
True
Is 2767 a prime number?
True
Is 84449 a composite number?
False
Is 333767 composite?
True
Is 9407 a prime number?
False
Is 71105 prime?
False
Is 5045 a prime number?
False
Is 95377 prime?
False
Is 78643 a composite number?
False
Is 595501 a prime number?
False
Is 567167 prime?
False
Is 1685 prime?
False
Is 677 a prime number?
True
Is 1073 a prime number?
False
Is 1067 a prime number?
False
Is 380263 composite?
True
Is 458477 prime?
True
Is 6143 composite?
False
Is 2053 prime?
True
Is 4195 composite?
True
Is 3643 a prime number?
True
Is 118821 a prime number?
False
Is 1593547 composite?
True
Is 25841 prime?
True
Is 10961 a prime number?
False
Is 405883 a composite number?
True
Is 2252719 prime?
False
Is 7493 a prime number?
False
Is 190027 a composite number?
False
Is 16431 prime?
False
Is 307 composite?
False
Is 102481 a composite number?
False
Is 1400489 prime?
True
Is 22853 composite?
False
Is 70271 a composite number?
False
Is 38219 a prime number?
True
Is 334207 composite?
True
Is 20141 a prime number?
False
Is 116211 prime?
False
Is 13911 a prime number?
False
Is 1511 composite?
False
Is 58711 prime?
True
Is 106591 composite?
False
Is 59809 composite?
False
Is 10099 a composite number?
False
Is 12991 prime?
False
Is 180491 a prime number?
True
Is 1038721 a prime number?
True
Is 10399 prime?
True
Is 64109 prime?
True
Is 48647 a composite number?
False
Is 175261 composite?
False
Is 994133 a prime number?
False
Is 3653 a prime number?
False
Is 149 prime?
True
Is 11794 composite?
True
Is 28781 a prime number?
False
Is 59101 composite?
True
Is 862159 a composite number?
False
Is 3290509 a composite number?
False
Is 16787 prime?
True
Is 495923 prime?
True
Is 583634 a composite number?
True
Is 144751 a composite number?
False
Is 6113 a prime number?
True
Is 107419 prime?
False
Is 205607 a composite number?
False
Is 186451 a prime number?
True
Is 736147 composite?
False
Is 46745 composite?
True
Is 49339 prime?
True
Is 17269 composite?
True
Is 22229 a composite number?
False
Is 5557 prime?
True
Is 100823 a prime number?
True
Is 18959 composite?
False
Is 461171 prime?
True
Is 257 composite?
False
Is 228163 composite?
True
Is 29717 composite?
False
Is 9731 a prime number?
False
Is 392123 a prime number?
False
Is 18503 composite?
False
Is 896669 a prime number?
True
Is 694931 composite?
True
Is 23141 a composite number?
True
Is 169 composite?
True
Is 2031907 composite?
False
Is 5953 a composite number?
False
Is 461827 composite?
True
Is 14765 composite?
True
Is 39791 a composite number?
False
Is 99809 a composite number?
False
Is 323957 prime?
True
Is 631 prime?
True
Is 6121 a prime number?
True
Is 105071 a composite number?
False
Is 9349 composite?
False
Is 6189 prime?
False
Is 464143 a composite number?
False
Is 75397 prime?
False
Is 59333 a prime number?
True
Is 854693 a prime number?
False
Is 190243 a composite number?
False
Is 6173 composite?
False
Is 11434 prime?
False
Is 787 composite?
False
Is 114017 prime?
False
Is 7789 composite?
False
Is 662 a prime number?
False
Is 1739 a composite number?
True
Is 1274701 a prime number?
True
Is 12895 a prime number?
False
Is 25409 composite?
False
Is 174687 a composite number?
True
Is 61331 a composite number?
False
Is 199645 a composite number?
True
Is 1047647 a composite number?
False
Is 41651 composite?
False
Is 21547 a prime number?
False
Is 147226 a prime number?
False
Is 288163 a composite number?
True
Is 15101 a prime number?
True
Is 599623 prime?
True
Is 527 prime?
False
Is 387037 prime?
False
Is 42043 composite?
False
Is 288241 composite?
False
Is 4247 prime?
False
Is 2446513 a composite number?
False
Is 17257 a prime number?
True
Is 13683 a prime number?
False
Is 196247 prime?
True
Is 998301 prime?
False
Is 4487 a composite number?
True
Is 5333 a prime number?
True
Is 71501 a composite number?
True
Is 21647 prime?
True
Is 1111 a composite number?
True
Is 12193 a prime number?
False
Is 751 prime?
True
Is 5141 a prime number?
False
Is 755 a composite number?
True
Is 22405 composite?
True
Is 49139 a prime number?
True
Is 74567 prime?
True
Is 3719 prime?
True
Is 19661 a composite number?
False
Is 30089 prime?
True
Is 374491 composite?
True
Is 39677 a composite number?
True
Is 18299 a prime number?
False
Is 149803 prime?
True
Is 9173 prime?
True
Is 5381 composite?
False
Is 17807 a prime number?
True
Is 5953 composite?
False
Is 268117 a prime number?
False
Is 18169 prime?
True
Is 9533 prime?
True
Is 26489 composite?
False
Is 24391 a prime number?
True
Is 293399 prime?
True
Is 282617 prime?
True
Is 17093 composite?
False
Is 1352563 prime?
False
Is 440279 a composite number?
True
Is 8807 a prime number?
True
Is 28286 pri